pose 5*h + 2*l - 126 = 0, -2*h - 5*l - 33 = -4*h. Suppose -p + 62 = -2*b, 13*b + 241 = 4*p + 12*b. What is the greatest common factor of p and h?
12
Let q be (69 + (3 - 7))*1. Calculate the greatest common factor of 5 and q.
5
Let n be (112/10)/((-9)/(-45)). What is the greatest common factor of 84 and n?
28
Let g(y) = 9*y + 98. Let o be g(-8). Suppose -4*a - 16 = 0, -4*u - 3*a + 0*a = -404. What is the greatest common factor of u and o?
26
Let j = -650 + 654. What is the greatest common divisor of 36 and j?
4
Suppose 3*k - 2*p + 0*p = 63, -4*p = 0. Suppose -3*b - 8 + 2 = 0. Let r be b/(27/(-21) - -1). What is the highest common divisor of k and r?
7
Let p(w) = 13*w - 10. Let h(u) = u**3 + 6*u**2 + 6*u - 4. Let c be h(-4). Let a be p(c). Calculate the highest common factor of a and 6.
6
Let w be 4/8*-8 + 4. Let l be (w - 15)*1/(8/(-24)). What is the greatest common factor of l and 15?
15
Let s(a) = -1 - 11*a**2 + 4*a**2 + 6*a**2 + 15*a. Let q be s(14). Let u be 2/(-4)*(q - 57). Calculate the greatest common divisor of 22 and u.
22
Let f = 55 + -56. Let v be 2 + f + 0 + -1 + 72. Calculate the greatest common factor of 9 and v.
9
Let d = -195 + 203. What is the highest common factor of d and 4?
4
Let f = -2 + -2. Let y = 14 + f. Calculate the highest common divisor of y and 90.
10
Let c(q) = q + 9 - 9. Let x be c(3). Suppose 63 = x*i - 2*i. What is the highest common divisor of i and 9?
9
Let q = -63 + 63. Let r be 336/15 + 4/(-10). Suppose t - r = -q*t. What is the highest common divisor of 242 and t?
22
Suppose -4*g = -3*v - 411, v - 41 - 53 = -g. Let i(s) = -2*s - 14. Let r be i(-9). Suppose -r = -2*a + 18. Calculate the greatest common divisor of g and a.
11
Let b = 142 + -30. Let l(x) = -x**3 - 9*x**2 - 15*x + 39. Let k be l(-5). Calculate the highest common divisor of b and k.
14
Let q(c) = 3 - 127*c - 1 + 126*c. Let t be q(-9). What is the highest common divisor of t and 121?
11
Suppose 4*y + 650 + 360 = 2*v, -v = -4*y - 505. Calculate the highest common divisor of v and 202.
101
Let o = -133 - -314. Suppose o = b - 39. Calculate the highest common factor of 20 and b.
20
Suppose 1 = -h - 3, 2*h = -r - 8. Suppose 9*d - 253 + 19 = r. Calculate the greatest common factor of 65 and d.
13
Let t be (-14)/70*0 - 3*-59. What is the highest common divisor of 1003 and t?
59
Let j(x) = x**2 - 2*x + 3. Let t be j(2). Let s be 6/(-9) - 196/12. Let p = s + 50. Calculate the highest common divisor of p and t.
3
Let u(v) = -18*v - 52. Let w be u(-26). Calculate the highest common factor of 364 and w.
52
Let p(w) be the first derivative of -w**4/4 + 19*w**3/3 - 14*w**2 - 3*w + 15. Let u be p(17). What is the greatest common factor of 11 and u?
11
Suppose 0*n + 8 = n + y, -34 = -5*n + y. Let f(g) = g**2 - 6*g. Let j be f(n). Let q = 33 + j. Calculate the greatest common divisor of q and 8.
8
Suppose -s = -4*a + 2*s + 14, 0 = 5*a - 2*s - 14. Suppose x = -n, 4*n = -a*x + 6*x + 40. What is the greatest common divisor of n and 55?
5
Let w(i) = 51*i - 27. Let g be w(12). Calculate the greatest common divisor of g and 45.
45
Let y(a) = 0*a**2 + 5*a**2 - 2*a**3 - 5 + a**3 + 2*a**3. Let b be y(-4). Suppose 6*n + 125 = b*n. What is the greatest common factor of 200 and n?
25
Let j(v) = -v**3 - 15*v**2 - 15*v - 169. Let b be j(-15). What is the highest common divisor of 238 and b?
14
Suppose -36*o + 18*o + 5760 = 0. What is the greatest common divisor of o and 400?
80
Suppose 7*i + 15711 = 42731. What is the highest common factor of i and 20?
20
Suppose 39*d + 9*d = 20352. What is the highest common divisor of d and 530?
106
Let a(t) = 3*t - 14. Let r be a(7). Let y = -125 - -199. Suppose z = 4*c - 27 + y, 5*z - 295 = 5*c. What is the greatest common factor of r and z?
7
Let i = 637 + -193. Suppose -5*h - m = -i, h = -4*m - 7 + 111. Calculate the highest common divisor of 11 and h.
11
Let f be (-114 + (-16)/(-4))/(-2). What is the highest common divisor of 15 and f?
5
Suppose 7*n - 12 = 3*n. Suppose -n*k + 0*k + 54 = 0. Suppose -s + 86 - k = 0. Calculate the greatest common divisor of 34 and s.
34
Let j be (-78)/(-30) - (-6)/15. Suppose 0 = -0*o - 2*o - p + 7, -3*p = 2*o - 13. Suppose -o = 2*q - j*q. Calculate the greatest common factor of q and 14.
2
Let p(v) = -1. Let z(t) = 4*t**2 + 8*t - 1. Let a(j) = 6*p(j) + z(j). Let s be a(-4). Calculate the greatest common divisor of 20 and s.
5
Let g be (770/40)/(22/352). Suppose 3 = h, -2*x - 37 = -3*x - 3*h. Calculate the highest common divisor of g and x.
28
Suppose 5*x - 51 = -4*n, 0*n = -2*x + n + 23. What is the greatest common factor of x and 946?
11
Suppose 0 = -12*l + 4*l + 152. Calculate the greatest common divisor of l and 38.
19
Let y(d) = d**3 - 3*d**2 - 2*d - 3. Let h be y(5). Let u = -199 + 347. Calculate the highest common factor of u and h.
37
Let s be (-1290)/(-120)*44/1. What is the highest common factor of s and 129?
43
Let v = 34 - 32. Let i be (0 - -37) + -3 - v. What is the greatest common divisor of 4 and i?
4
Let i(q) = 19*q**2 - 5*q + 7. Let k be i(2). Let f = k + -62. Let j be 0 + -2 - 0 - -90. Calculate the highest common factor of f and j.
11
Let w = -120 + 55. Let l = w + 69. What is the highest common divisor of l and 32?
4
Let t(m) = -m**2 - 6*m + 5. Let k be t(-6). Suppose 2*y = 3*p - 37, 2*y - 3*y + k*p = 36. Let c = -8 - y. Calculate the highest common factor of 15 and c.
3
Let n(v) = -v**2 - 8*v + 22. Let z be n(-10). Let o be 70/z + -4 + -1 + 4. Calculate the highest common divisor of 68 and o.
34
Let i = -169 + 168. Let d be (5/5)/(i/(-3)). Suppose 2*s + 2 = -0, 0 = -2*u - 5*s + 61. What is the greatest common factor of u and d?
3
Suppose 0*j + 17*j = 1258. What is the highest common divisor of j and 481?
37
Let y = -1761 + 1846. Calculate the highest common factor of 765 and y.
85
Suppose 5*m = -4*o + 49, 5*m + 3 = 4*o + 4. Suppose 3*f = l - 2, o*f - f + 10 = 3*l. Calculate the highest common factor of l and 20.
5
Suppose 0 = 11*p - 1407 - 1277. What is the highest common factor of 1586 and p?
122
Let v be 1*2 - ((-28)/7 - 8). Calculate the greatest common factor of 84 and v.
14
Let k be ((-1)/(-3))/((-1)/6). Let q(b) = 2*b + 4. Let p be q(k). Suppose 0 = -p*f + 4*f - 16. What is the highest common factor of f and 4?
4
Let u(o) = -7*o - 293. Let n be u(-45). Calculate the highest common divisor of 638 and n.
22
Suppose -c + 26 = -3*u - 12, -5*c - 5*u + 170 = 0. What is the highest common factor of 175 and c?
35
Let d = 1443 - 1407. What is the greatest common divisor of 120 and d?
12
Suppose 0 = -5*w + 4*x + 8137, 3713 + 4427 = 5*w - 5*x. Calculate the greatest common divisor of w and 125.
125
Let a be (4 + 45/(-10))/(2/(-8)). Suppose 58 = a*h - 2*u, 4*u - 59 = -2*h - 7. Calculate the greatest common factor of 7 and h.
7
Suppose 3 = -4*c + 3*w, c - 5*w - 6 - 6 = 0. Let l be 1 - c - (-39 - -8). What is the greatest common divisor of l and 5?
5
Suppose 26*r - 19*r - 714 = 0. Let a be (4 - -3 - 1)/1. Calculate the highest common divisor of r and a.
6
Let z be (-16)/((20/10)/(2 - 4)). What is the highest common factor of z and 288?
16
Let k(g) = -41*g + 10. Let r be k(0). What is the greatest common factor of 80 and r?
10
Let q(f) = f**2 - 2*f + 2. Let v be q(6). Let i = -2025 - -2233. What is the greatest common factor of v and i?
26
Suppose 0 = 5*j - 7*j - 2, 3*n = -2*j + 13. Suppose 0 = -2*o - 28 + 12. Let z be (o/n)/((-4)/50). Calculate the highest common divisor of z and 4.
4
Let x = -21 - -5. Let u be 1/(-3) - x/3. Suppose -64 = -u*j + 3*j. Calculate the highest common divisor of 48 and j.
16
Let v(q) = -5*q**2 - q + 2. Let d be v(1). Let s(c) = -3*c**3 - 9*c**2 - 16. Let n be s(d). Calculate the highest common factor of 256 and n.
32
Suppose 156 = 43*j - 40*j - 4*a, 5*j - 265 = 5*a. What is the highest common factor of 742 and j?
14
Let u(n) = 38*n - 946. Let v be u(25). What is the greatest common divisor of v and 1024?
4
Suppose 4*c = -4*d + 160, c - 4*d + 28 = 2*c. Let k = 48 - c. Let j be (-35)/(-2)*(-16)/(-10). What is the greatest common factor of j and k?
4
Let j = -150 - -153. Suppose -j*c = -4*a - 55, -5*c + 0*a + 4*a + 81 = 0. Calculate the highest common factor of c and 65.
13
Let j be ((-99)/(-55))/((-12)/(-40)). Calculate the highest common divisor of j and 69.
3
